-9 + 6 - (-8 - -1)
4
(0 - 1) + 1 + 1 + -3
-2
Calculate 13 + (-27 - -10) + (3 - 0).
-1
(-6 - (-1 + -1)) + 5
1
Calculate -8 + (-2 - -11) - (-4 + 1).
4
3 + -10 + (0 - -2)
-5
What is the value of -3 + (1 - (1 - -1)) + 2?
-2
Calculate (-30 + 2 - -11) + 11.
-6
Evaluate 2 + -1 + -5 + 3 - -2.
1
What is the value of 5 + -8 - (2 + -6)?
1
What is 7 + -10 - (-1 + 4 + -4)?
-2
What is the value of 4 - (4 - (3 + -7))?
-4
Evaluate 6 + (-26 - -14 - (0 - 6)).
0
2 + (-5 - -8) + -9
-4
-5 - (-13 - -9) - 3
-4
-7 + (3 - 1 - -4)
-1
(-3 - -2) + (1 + 1 - 1)
0
What is 1 - 3 - (3 - 0 - 8)?
3
What is the value of -7 + 3 + (-1 - -11)?
6
Evaluate 9 + -12 - (1 + -6).
2
What is the value of 2 - -5 - (10 + -5)?
2
Calculate 3 + (0 - 4) + -5 + 10.
4
What is (-15 - -20) + -2 + -1?
2
What is (2 - 10) + (10 - 1)?
1
What is the value of -1 + 0 + -99 + 107?
7
(2 - 0) + -9 - -2
-5
(1 - (4 + 4 - 3)) + 4
0
Calculate 5 - (2 + (6 - 8)).
5
Evaluate 6 + -3 + (-3 - (0 - 0)).
0
Calculate -4 - 0 - (-7 + 4).
-1
0 + 1 + -1 + (-7 - -7)
0
(-18 - -1) + 18 - (-1 + -3)
5
What is the value of 5 - (11 - 4) - 3 - -1?
-4
What is -5 - -4 - (2 + -2 - -7)?
-8
What is the value of 8 - (2 + -10 + 4 - -5)?
7
Calculate 1 + -16 - (89 + -96).
-8
What is the value of -8 + 17 + -10 - -3?
2
5 + (3 - -4 - 9)
3
What is 4 - (3 + -8 + 5)?
4
-2 + -13 + 12 + 5
2
What is 0 + (-4 - -4) + 0?
0
Evaluate 0 + -2 - (-10 + 8 - 2).
2
What is 1 + -5 + (2 - (3 - 4))?
-1
What is the value of -4 + 1 + (-7 + 15 - 4)?
1
-17 - -17 - (-2 - 2) - 8
-4
Evaluate -2 + 9 + (-10 - -10).
7
Evaluate -6 + 3 + -7 + 9 + -2.
-3
Calculate 4 - 0 - (-2 + 1 + 2).
3
Calculate -1 + 16 + 0 + 5 + -9.
11
Evaluate (7 - (5 - -4)) + 0.
-2
Evaluate -2 + 6 + -5 + 1 + 0.
0
-5 + 7 + (2 - 5)
-1
Evaluate (0 - (3 + -7)) + (4 - 3).
5
Calculate (-7 - -1) + 3 + -2.
-5
Calculate -1 + -3 - -5 - (0 - -4).
-3
What is -1 + 4 + -1 + (-35 - -28)?
-5
Evaluate -1 + 7 - (0 + 1).
5
What is the value of (-3 - -4) + 12 - 3?
10
Calculate (-4 - -1) + 1 + -2.
-4
(19 - 19) + (1 - -2)
3
12 - ((-8 - -11) + 9)
0
6 + -4 + (-1 - (1 + 0))
0
(-2 - (-1 + -5)) + 1 - 1
4
What is 13 - 14 - (0 - -2)?
-3
Calculate 11 + 10 + -26 - (-1 + -6).
2
What is the value of -7 + -12 + 4 + 12?
-3
Calculate 16 + -8 - 14 - (0 + 1).
-7
What is the value of 7 - (4 - -1) - 7?
-5
What is the value of 6 + (-4 - (6 - 6))?
2
(-4 - 0) + 3 + (-2 - -1)
-2
What is the value of -9 + (5 - -12) + -13?
-5
(-6 - -4 - -3) + -5
-4
What is -5 + 10 + 0 + (-7 - -1)?
-1
Evaluate 10 + (-1 - -1 - 5) + -1.
4
Calculate 9 + 1 + (-7 - 0).
3
What is the value of -92 + 93 - (4 - -2)?
-5
10 + 0 + -16 + 12
6
What is the value of -1 + (0 - 1) - -3?
1
What is (4 - (4 + -4)) + (-5 - -2)?
1
What is -6 - (-4 + 0 + 3)?
-5
What is -20 - (-50 + 28) - (5 + 0)?
-3
10 + -6 - 0 - 8
-4
What is -4 + (-7 + 8 - -7)?
4
41 + -39 - (-4 - -14)
-8
What is the value of 2 + (-4 - -1 - (3 + 1))?
-5
Calculate -6 - -3 - (-5 + -1).
3
What is the value of 7 - (3 + 9 + 1)?
-6
Evaluate (-22 - -2) + -130 + 142.
-8
What is 4 - (-6 + -5 + 7)?
8
What is the value of 4 + (1 - (10 - 3))?
-2
What is 2 + (-8 - (-9 + 2))?
1
What is 0 + 2 + -8 + 2?
-4
What is the value of (19 - 22) + (-2 - (3 + -2))?
-6
What is the value of 1 + -6 - (-179 - -176)?
-2
What is the value of -15 - -12 - (2 - (7 - -1))?
3
Calculate 5 - 5 - (0 + -3 - 1).
4
What is -2 - (1 + (13 - 6 - 7))?
-3
(3 - (7 - -2) - -7) + 6
7
(-2 - -4 - -1) + -13
-10
What is the value of 4 + 1 + (-6 - -13) + -10?
2
What is 3 - (-5 + -1 - (-3 - -1))?
7
What is the value of -7 + 9 + 5 + (-5 - 1)?
1
-1 - ((-9 - -5) + 4)
-1
Calculate -4 + 0 - (-2 - 2).
0
What is the value of (6 - -5) + -1 - (-2 + 7)?
5
What is the value of -14 + (22 - 7) - 12?
-11
What is the value of -4 - -2 - 1 - -2?
-1
5 - (2 - 2) - 9
-4
-4 + (-1 - -4) + 0
-1
What is (-12 - (-3 + -4)) + 2 + 4?
1
What is the value of -2 + 1 + 1 + -2?
-2
Calculate -3 - ((-5 - -13) + -8).
-3
What is 3 + 0 + -2 - (4 + 2)?
-5
Evaluate 1 - (0 + (-5 - -12) - 6).
0
Calculate 1 + -8 - (-3 - 1 - -5).
-8
-2 - ((4 - 10) + 5)
-1
What is -1 + 5 - ((-8 - -5) + 2)?
5
(12 - 8) + (-1 - 0)
3
What is the value of 0 + 0 + 3 + -12?
-9
Evaluate 4 + 14 + (-9 - 5).
4
What is the value of (2 - (-3 - -1)) + -6 - -4?
2
Calculate 7 - (8 - (-6 + 7)).
0
Calculate (-1 + (5 - 1) - 0) + -1.
2
Calculate -4 - (-12 - (9 - 26)).
-9
5 - ((4 - 3) + -1)
5
Calculate 7 + (8 - (-8 + 16 + -2)).
9
What is -9 + 25 + -1 + -7?
8
Calculate -3 + 0 - 7 - -4.
-6
What is -4 + (-5 - -9) + 1?
1
What is the value of 12 + -14 + (6 - 0)?
4
What is the value of -3 + -3 + -1 + 7?
0
What is 140 - 128 - (2 - -1)?
9
What is the value of -6 + -1 + (-4 - -3) + 5?
-3
Evaluate (-11 - -5 - -6) + 2.
2
What is 7 - 2 - (-2 - -7 - -2)?
-2
What is 4 - 4 - (2 - 7)?
5
What is 5 + -1 + -2 - (-4 + 4)?
2
What is (-2 - -1 - -5) + -4 + -2?
-2
Evaluate (0 - (-4 - -2)) + -3 + -3.
-4
What is -1 + (7 - 9) + 7?
4
What is the value of (0 - -1) + 2 + -2 - 2?
-1
What is the value of (-2 - (2 + (-5 - -6))) + 13?
8
(3 - 1 - 5) + 1
-2
Calculate 6 + 2 + (-11 - 0) + -7.
-10
Evaluate 0 + 4 + -3 - 2.
-1
What is 7 + -9 + 6 + (2 - 6)?
0
What is the value of -1 - (-2 + (6 - 4))?
-1
Evaluate -5 - (3 - (6 - -1)).
-1
-2 + -4 - (40 - 42)
-4
What is the value of -34 + 33 + (6 - 2 - -1)?
4
Evaluate (5 + 1 - (-2 + 4)) + -9.
-5
What is the value of -1 + 10 + -1 + (0 - 0)?
8
Calculate 6 + -2 + -11 - -7.
0
35 + -39 - (-12 - -1)
7
(-4 - (-7 + 4)) + -3
-4
Evaluate 1 + -1 + -6 - (112 + -114).
-4
What is -17 + 31 + (-17 - 3)?
-6
What is the value of -1 + (5 - (6 - 1))?
-1
What is the value of 10 - (-1 + 6) - (0 + -1)?
6
What is (0 - -1) + (3 - (11 - 5))?
-2
Calculate -3 + 1 + -3 + -1 + 1.
-5
3 + (-5 + 1 - (-3 + -2))
4
What is the value of (-15 - (-4 - 3)) + -7 + 6?
-9
Evaluate -6 - ((8 - 12) + -8).
6
(4 + -16 - -18) + -13
-7
Calculate (1 - 2) + (-2 - -3).
0
Evaluate -6 + (-9 - -14 - 0) - -6.
5
What is the value of -161 - -155 - (1 + -5 + -1)?
-1
(-14 - -21) + -12 - -4
-1
What is -19 - -20 - (2 + -6 + 0)?
5
Evaluate (-2 - (-2 - 4)) + -8.
-4
-6 + (2 - -2) + 3
1
(-46 - -51) + -11 + 2
-4
-2 + 0 - (-4 + -6 + 6)
2
Calculate -6 + (1 - 1) - (126 + -124).
-8
Evaluate (8 - (1 - -7)) + -8.
-8
3 - (0 - 2 - (-13 - -12))
4
Calculate (-4 - (6 + -8)) + 5 + -2.
1
What is (29 - 30) + 1 + 2?
2
3 - 1 - (1 - 2)
3
5 + -5 - ((-1 - -6) + -13)
8
Calculate 1 - 1 - (92 + -96).
4
Evaluate -1 + -2 - (-2 - 1).
0
What is the value of -3 - (5 + (-6 - 3))?
1
What is the value of -4 - -2 - -3 - (-2 - 0)?
3
(0 - -2) + -6 + 9 - 1
4
What is the value of 4 + (16 - 20 - (-1 - 3))?
4
Calculate 6 + (3 - (4 - 0)).
5
What is -7 + 7 + -3 - (-1 - -2)?
-4
-1 + 0 - (0 - 0)
-1
What is the value of 16 + -20 - (1 + 1 + 1)?
-7
What is 6 + -2 + (-2 - 1)?
1
13 + -17 + (6 - -5)
7
What is -5 + 7 - 7 - -6?
1
What is the value of 8 + -17 - (1 - 3)?
-7
Evaluate (4 - 0 - 3) + -4.
-3
(-10 - -3) + (2 - (-2 + 4))
-7
What is -1 - (0 + -3 + 0)?
2
Calculate -4 + (-3 + 9 - -3).
5
What is (-2 - 1) + -3 + 7?
1
What is 7 - (6 + -1 + 5)?
-3
2 - 6 - (-15 - (1 - 13))
-1
What is 2 + (10 + -6 - 1)?
5
What is 14 - (5 + 1) - 7?
1
Evaluate 13 - (15 + 14 + -18).
2
What is 12 + -9 + -2 + -1?
0
Evaluate 4 + (7 - 4 - 2).
5
Calculate -13 - -8 - (-13 - -2) - -5.
11
What is 0 + 2 + -10 - -3?
-5
What is the value of 10 + -3 + -12 + 0?
-5
What is (-9 - -8) + 6 + -9?
-4
Evaluate (-2 - 2) + 4 + 3 + -4.
-1
Evaluate (0 - -3) + (6 + -5 - 5).
-1
Evaluate -6 + 1 - (-44 + 30).
9
What is 7 + -15 + 7 + -4?
-5
What is the value of 1 - -7 - (-1 - -6)?
3
Calculate -3 + 3 + 1 - (-3 - 0).
4
What is 3 + -2 - (2 + -2 + 2)?
-1
What is -5 + (0 - 1 - -4)?
-2
What is the value of -3 + (-16 + 23 - (-2 + 0))?
6
Evaluate -13 + (10 - 4 - -1).
-6
What is the value of (2 - (5 + -5)) + -1?
1
What is -4 + 6 + (-10 - -11)?
3
What is the value of -3 + -1 + 4 + 1 + 0?
1
What is -1 + (2 - -3) + (-1 - -1)?
4
Evaluate (7 + -7 - -5) + -4.
1
What is (-5 + 10 - 16 - -5) + 5?
-1
Calculate -4 - ((-1 - 0) + (-8 - -5)).
0
What is the value of (0 - 7) + (3 - 5) + 3?
-6
What is the value of (4 - (4 - -2) - 2) + 1?
-3
What is 2 + (1 - (-2 + 6))?
-1
What is the value of 4 - (-1 + (4 - -3))?
-2
What is the value of 5 - (5 + 1 + -2)?
1
What is -6 + -2 - (-3 + 0)?
-5
What is (-4 - -7) + 1 + -12?
-8
Calculate 3 + -4 + 1 - (-5 - -7).
-2
-6 + -7 + 17 - (-1 - -2)
3
6 - (-6 - -4 - -5) - 11
-8
What is the value of -7 - (-19 - -1)